77 a composite number?
False
Is 3581 a prime number?
True
Is 261557 a composite number?
False
Is 4507 a composite number?
False
Is 2709493 prime?
False
Is 249077 a prime number?
False
Is 265 a prime number?
False
Is 31967 composite?
True
Is 4829063 a prime number?
False
Is 22229 composite?
False
Is 22051 a composite number?
False
Is 11201 composite?
True
Is 12203 a composite number?
False
Is 22861 prime?
True
Is 1062383 a prime number?
False
Is 3199 a composite number?
True
Is 60521 a prime number?
True
Is 84629 a prime number?
True
Is 1250801 prime?
True
Is 734143 composite?
False
Is 37402 composite?
True
Is 17213 prime?
False
Is 112459 a composite number?
False
Is 106259 a prime number?
False
Is 141567 a composite number?
True
Is 48973 a composite number?
False
Is 257199 a composite number?
True
Is 82807 a composite number?
True
Is 1471 a composite number?
False
Is 85927 a composite number?
True
Is 88649 a composite number?
True
Is 5261 a prime number?
True
Is 7051 a composite number?
True
Is 72089 composite?
False
Is 71157 a prime number?
False
Is 58009 a prime number?
False
Is 3761 composite?
False
Is 5519 a prime number?
True
Is 1746205 a composite number?
True
Is 407 composite?
True
Is 8154145 composite?
True
Is 8467 a composite number?
False
Is 2999 composite?
False
Is 2413 a prime number?
False
Is 2921 a composite number?
True
Is 8999 prime?
True
Is 24155 a composite number?
True
Is 712133 a prime number?
True
Is 155501 a prime number?
True
Is 215701 a composite number?
True
Is 64849 composite?
False
Is 11566 composite?
True
Is 6973 prime?
False
Is 606721 composite?
False
Is 34411 a prime number?
False
Is 18053 a composite number?
True
Is 4279 prime?
False
Is 6134 a prime number?
False
Is 38039 prime?
True
Is 964967 a prime number?
True
Is 618619 prime?
True
Is 112669 a composite number?
True
Is 4621 composite?
False
Is 6863 composite?
False
Is 173599 a composite number?
False
Is 4489 a composite number?
True
Is 1283143 a prime number?
False
Is 786561 prime?
False
Is 77587 prime?
True
Is 51283 composite?
False
Is 401467 a prime number?
False
Is 8903 a composite number?
True
Is 3138711 prime?
False
Is 1399 a prime number?
True
Is 4132259 a composite number?
False
Is 34807 a prime number?
True
Is 10559 a composite number?
False
Is 2813 prime?
False
Is 67369 prime?
True
Is 165247 a prime number?
True
Is 4547 prime?
True
Is 325843 prime?
False
Is 78941 prime?
True
Is 24659 a composite number?
False
Is 1666577 a composite number?
True
Is 13517 composite?
True
Is 246889 a composite number?
False
Is 34871 prime?
True
Is 850891 composite?
False
Is 419 a prime number?
True
Is 13283 composite?
True
Is 1259 a composite number?
False
Is 71477 prime?
False
Is 5574043 a composite number?
False
Is 247727 composite?
True
Is 188215 a prime number?
False
Is 15767 composite?
False
Is 18191 composite?
False
Is 219283 a composite number?
True
Is 37667 prime?
False
Is 1601 a composite number?
False
Is 39521 a composite number?
False
Is 170797 composite?
True
Is 663853 composite?
False
Is 12097 a composite number?
False
Is 885881 composite?
False
Is 33083 a composite number?
False
Is 301447 a composite number?
False
Is 20798 composite?
True
Is 17317 composite?
False
Is 23869 a prime number?
True
Is 6074 composite?
True
Is 264473 composite?
True
Is 197741 a composite number?
False
Is 437 a composite number?
True
Is 6247 composite?
False
Is 35599 prime?
False
Is 80961 a prime number?
False
Is 901 a prime number?
False
Is 53101 composite?
False
Is 178141 prime?
True
Is 48673 a prime number?
True
Is 2053 a prime number?
True
Is 207451 a prime number?
False
Is 29245 a composite number?
True
Is 88427 composite?
False
Is 48851 a composite number?
True
Is 100753 a composite number?
True
Is 91909 a prime number?
True
Is 13045 composite?
True
Is 3799 prime?
False
Is 7649 composite?
False
Is 12787 composite?
True
Is 47665 prime?
False
Is 2777 a prime number?
True
Is 1643 composite?
True
Is 1259 prime?
True
Is 326 a composite number?
True
Is 54869 composite?
False
Is 11015 a prime number?
False
Is 114877 a prime number?
False
Is 39157 prime?
True
Is 143 prime?
False
Is 28909 prime?
True
Is 26489 a composite number?
False
Is 4279 a composite number?
True
Is 525029 composite?
False
Is 42209 a composite number?
False
Is 4721 a composite number?
False
Is 2267 composite?
False
Is 50921 a composite number?
True
Is 8263 composite?
False
Is 12407 composite?
True
Is 212015 a prime number?
False
Is 2269661 prime?
True
Is 22677 prime?
False
Is 55877 prime?
False
Is 28451 prime?
False
Is 99661 a composite number?
False
Is 40193 composite?
False
Is 355897 composite?
True
Is 235217 a prime number?
False
Is 20789 a prime number?
True
Is 43291 prime?
True
Is 87793 a prime number?
True
Is 125423 prime?
True
Is 66841 composite?
False
Is 112947 prime?
False
Is 12197 a composite number?
False
Is 131837 composite?
False
Is 111887 a composite number?
True
Is 25927 prime?
False
Is 147677 a prime number?
False
Is 2323 a prime number?
False
Is 16877 prime?
False
Is 18301 composite?
False
Is 2477 composite?
False
Is 20651 prime?
False
Is 673 prime?
True
Is 98621 a prime number?
True
Is 15479 a composite number?
True
Is 204101 composite?
False
Is 24029 a prime number?
True
Is 8735 a prime number?
False
Is 861239 a prime number?
True
Is 5051 a composite number?
False
Is 6614 a prime number?
False
Is 767 composite?
True
Is 1151 a composite number?
False
Is 22769 a prime number?
True
Is 10063 composite?
True
Is 38534 a composite number?
True
Is 30263 a prime number?
False
Is 115715 a composite number?
True
Is 28277 a prime number?
True
Is 21899 a composite number?
True
Is 16301 a prime number?
True
Is 690749 composite?
True
Is 25013 composite?
False
Is 25537 prime?
True
Is 92042 prime?
False
Is 24169 a composite number?
False
Is 39643 composite?
True
Is 1061 a prime number?
True
Is 16649 a composite number?
False
Is 146669 a composite number?
False
Is 6139 prime?
False
Is 388789 composite?
False
Is 5833 composite?
True
Is 522119 prime?
False
Is 1888187 prime?
False
Is 77929 a prime number?
True
Is 8419 composite?
False
Is 8059 composite?
False
Is 162914 a composite number?
True
Is 21467 prime?
True
Is 39659 a composite number?
False
Is 96137 a composite number?
False
Is 491 composite?
False
Is 191291 composite?
True
Is 9847 a prime number?
False
Is 5854 prime?
False
Is 220681 a prime number?
True
Is 15187 prime?
True
Is 4381 prime?
False
Is 7207 composite?
False
Is 181639 composite?
False
Is 42221 a prime number?
True
Is 116851 prime?
False
Is 11927 prime?
True
Is 14519 composite?
False
Is 120011 composite?
False
Is 22109 a prime number?
True
Is 60101 composite?
False
Is 220217 a composite number?
False
Is 69403 prime?
True
Is 55247 a composite number?
True
Is 8941 a prime number?
True
Is 128903 prime?
True
Is 23774 prime?
False
Is 16413 prime?
False
Is 636418 prime?
False
Is 557 composite?
False
Is 519667 composite?
False
Is 31147 prime?
True
Is 3585611 composite?
False
Is 816293 prime?
False
Is 5737 composite?
False
Is 1991893 composite?
False
Is 436957 a prime number?
True
Is 1657 prime?
True
Is 7139489 a composite number?
True
Is 1114567 a prime number?
True
Is 63079 a composite number?
False
Is 14521 prime?
False
Is 5317 a prime number?
False
Is 483947 a composite number?
True
Is 154571 prime?
True
Is 35065 a composite number?
True
Is 3804861 prime?
False
Is 89185 a composite number?
True
Is 137827 a composite number?
False
Is 45481 prime?
True
Is 3263 a composite number?
True
Is 23395 composite?
True
Is 91435 a prime number?
False
Is 431399 a prime number?
True
Is 7121 a composite number?
False
Is 2512858 prime?
False
Is 45299 a composite number?
True
Is 6791 a prime number?
True
Is 267965 composite?
True
Is 15689 a composite number?
True
Is 109273 a composite number?
True
Is 451159 composite?
False
Is 54121 a composite number?
False
Is 28166 composite?
True
Is 16871 composite?
False
Is 4399 a prime number?
False
Is 759921 prime?
False
Is 28339 a prime number?
False
Is 3313 a composite number?
False
Is 103357 prime?
True
Is 37831 a prime number?
True
Is 6143 prime?
True
Is 19561 prime?
False
Is 297499 prime?
False
Is 5461 composite?
True
Is 109199 a prime number?
True
Is 3229 prime?
True
